-3*y + 12407 = z, 5*y = -3*z + 11526 + 9147. Let s(v) = -49*v + 109. Let d be s(-14). Suppose -y = -6*x - d. Is x a composite number?
False
Let y = -213 - -216. Suppose y*o - 15989 = -1406. Is o a prime number?
True
Suppose -14*g - 1261531 = -72*g + 2097771. Is g composite?
True
Suppose 0 = 2*n + 9 - 35. Suppose -n*u - 12220 = -15*u. Suppose -5*b + u = -815. Is b prime?
False
Let j(v) = v**3 + 3*v**2 - 7*v + 5. Let t be j(5). Is (-20)/t - 8145/(-17) a composite number?
False
Let n be (-1 - 10/(-4)) + 5/2. Suppose 0 = -n*k - 48 + 140. Suppose 831 = k*z - 22*z. Is z composite?
True
Let a(v) = 341*v - 4. Let z(m) = m**3 + 14*m**2 - 16*m - 18. Let x be z(-15). Let j be (-2 - 3*-2) + x. Is a(j) a composite number?
False
Let u = -15 + 37. Suppose 22 - u = -4*n. Suppose 2*s = -5*f + 584, n = -2*f - 4*s + 2*s + 230. Is f composite?
True
Let s(o) = 126*o - 12. Let p be s(6). Suppose p = 14*k - 17*k. Let q = 447 + k. Is q a prime number?
True
Let u(v) = -2*v**3 + 6*v**2 + 2*v - 4. Let y be u(-10). Suppose 9*p - 3805 = y. Is p a composite number?
False
Let y(n) = 8948*n - 4347. Is y(41) composite?
False
Let z(l) = -l + 5. Let b be z(-4). Let m(a) = -a**3 + 14*a**2 + 7*a - 19. Is m(b) a composite number?
False
Let n(q) be the third derivative of -37*q**5/12 - q**4/6 + 5*q**3/6 + 2*q**2. Let i be n(2). Let g = i - -1376. Is g prime?
False
Let v(h) = 7*h - 325*h**2 + 326*h**2 - 2 - 2*h. Let x be v(-6). Is x/10 + (-37530)/(-50) a composite number?
False
Let t(a) = 23*a**3 - 38*a**2 + 110*a + 131. Is t(34) a prime number?
False
Is -4*(4/78 - 21562445/156) composite?
False
Let t = -12202 - -39558. Let m = -12579 + t. Is m prime?
False
Is (83335/(-105))/(1/(-339)) a composite number?
True
Let w(f) = 761*f + 16. Let n be w(3). Let j = n + -1486. Suppose 385 = 2*k - j. Is k a prime number?
True
Let m(i) = -119*i + 1072. Is m(-53) a composite number?
True
Let a be (-9*(-837)/1)/(-1 + 2). Suppose -31457 + a = -4*x. Is x prime?
True
Let l(c) be the third derivative of c**6/15 - 7*c**5/60 + c**4/12 - 11*c**3/6 + 2*c**2. Let p = 140 - 134. Is l(p) a composite number?
True
Let n(u) = u**2 + 413*u**3 + 1 + 1094*u**3 + 3 - 5. Let d = -2 + 3. Is n(d) composite?
True
Let u(f) = -210*f**3 + 3*f**2 - 2*f + 13. Let g(y) = 421*y**3 - 5*y**2 + 5*y - 30. Let l(a) = 2*g(a) + 5*u(a). Is l(-4) a prime number?
True
Let z be 10/(-1)*17/((-765)/(-72)). Let u(f) = -133*f + 93. Is u(z) prime?
True
Let u be 12996/60 - 28/(-70). Suppose -5*q + 1720 = -1670. Let h = u + q. Is h composite?
True
Suppose -15967 = -5*c - q + 1552, 5 = -5*q. Suppose -2*d + 0*f - c = -f, 2*d = 5*f - 3504. Let v = -785 - d. Is v a composite number?
False
Let u(j) = -257*j + 13. Let i be u(-3). Let n(w) = w**2 + 7*w - 8. Let x be n(-8). Suppose x = 3*s - l - i, -2*s - 2*l + 799 = s. Is s composite?
False
Suppose 3*q + 2*r - 3 = r, 5 = -2*q - 3*r. Let l be 4*(-5)/10 + q. Let k(j) = j**3 - j**2 - 2*j + 1141. Is k(l) prime?
False
Let z(j) = 174*j - 73. Suppose 11*v - 18*v = -175. Suppose -5*w + 15 = -v. Is z(w) composite?
False
Suppose -208 = -19*w - 18. Suppose -17*f + 19901 = -w*f. Is f composite?
False
Suppose -16*b = -10*b + 402. Let r = -64 - b. Suppose 2*d = -y + 329, -r*d = -5*y + y + 1327. Is y composite?
False
Let h be 2/(-25) - (-5632)/400. Suppose h*z - 7*z = 20279. Is z a composite number?
False
Let g = 494971 + -314048. Is g a prime number?
False
Let u(g) = 51*g**2 - 2*g + 3. Let z be u(-3). Let t = 2189 + -2454. Let a = t + z. Is a prime?
False
Suppose -652*i + 715583 = 646*i - 1287*i. Is i prime?
True
Let i(o) be the third derivative of o**8/4032 + o**7/840 - o**6/40 - 3*o**5/20 - 41*o**2. Let r(a) be the third derivative of i(a). Is r(11) prime?
True
Suppose 16*n - 2421112 - 2828344 = 0. Is n a composite number?
True
Suppose m - 3*r = 3*m + 17, -4*m = 4*r + 24. Is (-11 + 294/28)/(m/13822) a prime number?
True
Let m(l) = 45*l**2 + 289*l - 14935. Is m(54) a prime number?
True
Suppose -385*y - 78133 = -396*y. Is y a composite number?
False
Suppose 108*u = 27*u + 22497993. Is u a composite number?
True
Let v(f) = 265*f + 26. Let b be v(7). Suppose b = 4*x - 1099. Is x a prime number?
False
Suppose -116*g = -88*g - 614572. Is g a composite number?
True
Is (257182/6)/(1/3) composite?
False
Let z be 1/1 + -2 - (-2 + 1). Suppose z = -4*y - 5*b + 4*b + 1676, -5*y + 2108 = -2*b. Suppose 7*u - 2471 - y = 0. Is u prime?
False
Let n(r) = 787*r**3 - 14*r**2 + 89*r - 563. Is n(6) a composite number?
True
Is 12 + (-45)/3 - -39674 a prime number?
True
Suppose n - 12115 = 10510. Let m be 4/24 - n/30. Let v = 1143 + m. Is v composite?
False
Let u(z) = 674*z**2 - 4*z - 1. Suppose 5*c + 3*h + 17 = 0, -2*c - 5 = -c + h. Is u(c) a prime number?
True
Let x = 44278 - -25707. Is x a prime number?
False
Let f = -226 - -230. Suppose -f*d - 483 = -11623. Is d composite?
True
Suppose -16903 = -3*c + 2*v, -3*v - 28174 = 36*c - 41*c. Is c composite?
False
Suppose -5*b + 4*n = 26555, 4*n + 5201 = -4*b - 16007. Let s = b + 9898. Is s composite?
False
Suppose 0 = -o + 5*g + 5963, 106*o - 23816 = 102*o + 2*g. Is o prime?
True
Suppose 2*l - 151087 = -m, -112*m + 106*m = -2*l - 906466. Is m prime?
False
Suppose -3*p = 19*p - 5*p - 7186597. Is p composite?
True
Let l = 167441 + -64644. Is l composite?
False
Suppose -w + 23 = 4*w - k, 5*w = 3*k + 29. Suppose -5*m + 34 = 4*g, 0*m + w*g - 10 = -m. Suppose 3*v - 14733 = -m*v. Is v a composite number?
False
Is 7*((-3233270)/(-238) + -1 + 76/68) prime?
False
Let j(c) = -2 + 118*c - 7 + 18. Let p = -106 + 112. Is j(p) composite?
True
Let q be 22/8 - (-3)/12. Suppose -5*v = 7*k - q*k + 19102, 4*v - k = -15290. Let y = v - -5463. Is y composite?
True
Let f be 12/(-9) - 121847/(-33). Is 7/(-13 - -6)*f/(-1) a composite number?
False
Suppose 7*a + 23 = -26. Let m(i) = -i**3 - 8*i**2 - 10*i - 16. Let l be m(a). Suppose 435 - 40 = l*w. Is w a composite number?
False
Let z be 27/5 + (-114)/(-190). Suppose -z*h + f - 36527 = -10*h, h - f - 9128 = 0. Is h composite?
True
Let u(j) = -105*j**3 + 14 + 47*j + 106*j**3 - 8*j**2 - 1. Is u(23) prime?
True
Suppose -l + 3*x + 854732 + 920754 = 0, -5*x + 8877370 = 5*l. Is l composite?
True
Let u = -22212 + 44521. Is u composite?
True
Suppose -16*r + 11*r = -4*l - 8823, 3546 = 2*r + 4*l. Let g = r - 1086. Is g a composite number?
True
Suppose v = -4*v + 13857 + 75508. Is v prime?
False
Let o be (-60)/(-10) - 235917/(-9). Suppose -3*z + 6430 + o = 0. Is z composite?
False
Let u(k) = k**3 + 2*k**2 + 4*k + 60719. Is u(0) a composite number?
False
Suppose 311*b - 313*b = o - 142467, 5*b - 35 = 0. Is o a composite number?
False
Suppose 0 = -5*u - 3*f + 780227, -162*f + 780263 = 5*u - 165*f. Is u composite?
True
Suppose 50*j = 148*j - 10543678 - 10787296. Is j prime?
False
Suppose -5*u + 2*d - 4344 = d, -3472 = 4*u - 4*d. Let i = -193 + u. Let p = i + 4519. Is p a prime number?
True
Suppose -45*f - 67747 = -93*f + 47*f. Is f composite?
True
Suppose 0 = y - 5*q - 108 - 1304, 0 = -3*y + 4*q + 4203. Is ((2 - 2) + 4 + -3)*y a composite number?
True
Let s = -121 + 46. Let h = 80 + s. Suppose -208 = 4*d + c - 727, h*d - 5*c - 680 = 0. Is d a composite number?
False
Let f = 54 + -68. Let d be (-22194)/f - (-50)/(-175). Suppose 0 = 92*a - 87*a - d. Is a prime?
True
Suppose 0 = -f - 0*f + 2*y + 1318, -f = -4*y - 1324. Suppose -f = -8*z - 24. Let n = 270 - z. Is n prime?
True
Let w = 1795804 - 1205177. Is w prime?
True
Let h be (-74)/((-3)/(-18)*3). Let r = -90 - h. Is r a prime number?
False
Let g = 2682 + -12. Let j = g - -1527. Is j a composite number?
True
Let k(j) = -5*j**2 - 25*j - 38. Let n be k(-20). Let d = 7525 + n. Is d a prime number?
True
Let j be ((-3898)/6)/(-1)*9/3. Suppose 0 = -4*m - j + 10585. Is m a composite number?
True
Let t be (((-71662)/3)/2)/(82/(-246)). Suppose 2*i = z - 7171, 6*i - 8*i + t = 5*z. Is z a composite number?
True
Let h(b) = -2557*b - 8. Let n be h(-3). Let j = n + -5334. Suppose -2*p = -2, -2*p - 1034 - j = -5*o. Is o prime?
True
Let s = -11703 - 7087. Let j = s + 32897. Is j prime?
True
Let q(r) = -1525*r - 10*r**3 + r**2 + 1 + 1519*r - 8. Is q(-4) a composite number?
False
Let y = 215563 - 136814. Is y composite?
True
Suppose 6*x - 5*h = 3*x - 32288, 2*h = -4*x - 43068. Is (-35)/((-7)/1) - x a prime number?
True
Suppose -5*y + 275087 = 